) to base 2.
1101110001101101
What is 433 (base 8) in base 11?
238
Convert 202052 (base 6) to base 7.
64460
What is -243340 (base 5) in base 6?
-110404
Convert -3447 (base 16) to base 7.
-54006
26813 (base 9) to base 4
10123230
Convert 200 (base 16) to base 3.
200222
Convert -2047 (base 11) to base 12.
-16a1
Convert 15442 (base 6) to base 9.
3438
143135 (base 6) to base 2
11010101100011
Convert 224143 (base 6) to base 8.
45177
What is -1110011111 (base 2) in base 12?
-653
Convert -201 (base 4) to base 12.
-29
399 (base 13) to base 10
633
What is 110110010000 (base 2) in base 10?
3472
-1318 (base 12) to base 10
-2180
Convert 502540 (base 6) to base 11.
27764
What is -17447 (base 13) in base 12?
-21a2b
Convert -927 (base 12) to base 16.
-52f
Convert 200121 (base 3) to base 10.
502
Convert 1001010110010 (base 2) to base 14.
1a5c
Convert -11112011 (base 3) to base 2.
-110011100010
What is -3434424 (base 5) in base 14?
-1878c
Convert -1660a (base 11) to base 10.
-23363
What is -10000010100 (base 2) in base 11?
-86a
Convert -3417 (base 8) to base 12.
-1067
Convert -7db7 (base 14) to base 2.
-101010110011101
What is 3974 (base 10) in base 6?
30222
-14120 (base 6) to base 4
-202200
What is a87 (base 12) in base 11?
1183
Convert 1000011111 (base 2) to base 13.
32a
What is -133121 (base 4) in base 14?
-a37
Convert -27413 (base 8) to base 3.
-121112001
Convert -1522 (base 7) to base 8.
-1134
What is -821 (base 9) in base 16?
-29b
Convert 225542 (base 6) to base 16.
4be6
What is -11110110001011 (base 2) in base 16?
-3d8b
Convert 62a (base 12) to base 2.
1110000010
13552 (base 13) to base 3
1211110201
What is 12e2 (base 15) in base 12?
2405
-886 (base 9) to base 12
-506
Convert 201414 (base 7) to base 4.
20111310
1766 (base 9) to base 7
3645
100034 (base 5) to base 14
1208
1005 (base 7) to base 9
426
What is 323045 (base 6) in base 12?
13485
What is -5216 (base 11) in base 5?
-210124
Convert 4748 (base 9) to base 13.
17b4
Convert 2286 (base 12) to base 15.
1216
-3450 (base 6) to base 15
-39c
What is 333510 (base 6) in base 14?
a318
What is -1436 (base 11) in base 15?
-839
-907 (base 11) to base 15
-4d1
Convert 7cc (base 14) to base 5.
22202
Convert 260 (base 11) to base 4.
10310
-10123 (base 6) to base 4
-111003
Convert 10110101111101 (base 2) to base 8.
26575
Convert -858 (base 11) to base 9.
-1365
Convert 24131 (base 5) to base 9.
2410
Convert 40d9 (base 15) to base 13.
6312
What is -13232 (base 9) in base 13?
-40b8
Convert a67 (base 11) to base 5.
20113
-1100110110101 (base 2) to base 7
-25121
Convert b4 (base 14) to base 4.
2132
Convert 1322300 (base 4) to base 16.
1eb0
Convert -200212 (base 3) to base 15.
-23e
Convert b67 (base 13) to base 4.
132120
Convert -171a (base 11) to base 16.
-897
What is 10102011 (base 3) in base 9?
3364
16ab0 (base 13) to base 11
2a815
What is -12300 (base 4) in base 11?
-363
Convert 5045 (base 7) to base 12.
1018
What is 18067 (base 9) in base 7?
51211
What is -55524 (base 8) in base 4?
-11231110
Convert 245a (base 14) to base 9.
8637
What is -1122102222 (base 3) in base 2?
-111111010001111
What is 1201 (base 8) in base 10?
641
What is -8a99 (base 14) in base 4?
-11313233
What is 2304124 (base 5) in base 13?
15976
What is -2310 (base 14) in base 7?
-23520
-212001 (base 3) to base 13
-38b
-11330 (base 4) to base 6
-1432
2205 (base 11) to base 3
10222202
Convert 23d3 (base 16) to base 10.
9171
Convert -240413 (base 5) to base 9.
-13132
Convert -122531 (base 7) to base 8.
-54042
13110 (base 13) to base 15
a709
What is 3621 (base 7) in base 2?
10100111010
Convert 2472 (base 8) to base 3.
1211120
What is -1001110110 (base 2) in base 7?
-1560
What is -33021 (base 5) in base 3?
-10002202
Convert -437 (base 13) to base 4.
-23102
302312 (base 5) to base 9
14275
331 (base 12) to base 3
122101
Convert -65c6 (base 16) to base 6.
-320342
Convert -1946 (base 11) to base 16.
-9a6
-add (base 16) to base 10
-2781
What is -1546 (base 7) in base 16?
-26e
What is 45 (base 6) in base 12?
25
What is 1eaf (base 16) in base 15?
24da
Convert -1111011010 (base 2) to base 12.
-6a2
Convert 68b (base 12) to base 10.
971
b250 (base 16) to base 13
17a15
What is -19b (base 13) in base 10?
-297
-11111121 (base 3) to base 16
-cd3
1072 (base 15) to base 12
2022
3a8 (base 13) to base 15
2d0
Convert 6e6 (base 15) to base 13.
936
10411 (base 5) to base 2
1011011011
-1000110101 (base 2) to base 9
-687
-18166 (base 9) to base 15
-3aa9
Convert -1001000010001 (base 2) to base 5.
-122000
Convert 1021012101 (base 3) to base 13.
b46a
What is 2993 (base 11) in base 5?
110403
Convert 57c3 (base 13) to base 5.
343302
Convert -406 (base 15) to base 12.
-636
What is -227 (base 16) in base 2?
-1000100111
What is -210011210 (base 3) in base 12?
-8b26
-4520 (base 7) to base 16
-65f
-9b25 (base 14) to base 6
-324245
What is -1330210 (base 5) in base 6?
-324402
Convert -543 (base 14) to base 5.
-13124
-113262 (base 7) to base 15
-6089
-784 (base 13) to base 5
-20131
1030 (base 8) to base 15
25b
-5644 (base 8) to base 4
-232210
What is 1665 (base 10) in base 11?
1284
What is 20020 (base 4) in base 14?
292
What is -10011 (base 3) in base 12?
-71
1301 (base 14) to base 15
ec3
Convert 41024 (base 10) to base 6.
513532
727 (base 8) to base 7
1242
168 (base 14) to base 4
10200
What is -202030 (base 4) in base 11?
-170a
Convert -1774 (base 10) to base 3.
-2102201
-1100020 (base 3) to base 6
-4310
Convert -6210 (base 8) to base 15.
-e3d
What is 55aa (base 12) in base 14?
365c
Convert 89ff (base 16) to base 15.
a702
What is -179 (base 14) in base 8?
-457
1020 (base 7) to base 15
18c
Convert -22340 (base 5) to base 16.
-63b
-20131 (base 4) to base 16
-21d
Convert 2188 (base 9) to base 2.
11001010011
Convert -5b45 (base 12) to base 11.
-77a3
Convert a17 (base 13) to base 15.
790
What is 1331 (base 7) in base 13?
305
Convert -7549 (base 15) to base 3.
-1021001020
Convert 5144 (base 6) to base 2.
10001111000
12c (base 15) to base 8
413
1431 (base 13) to base 10
2913
-3000 (base 5) to base 7
-1044
What is 1928 (base 11) in base 12?
1502
What is 12201200 (base 3) in base 16?
1050
What is 300100 (base 4) in base 9?
4211
-4907 (base 12) to base 2
-10000000010111
25f (base 16) to base 5
4412
-1a5 (base 16) to base 9
-517
312431 (base 5) to base 14
3ac6
What is b720 (base 13) in base 15?
77bb
1206 (base 11) to base 12
ab7
Convert -3648 (base 12) to base 9.
-8332
1173 (base 10) to base 7
3264
Convert -2260 (base 11) to base 5.
-43340
1116 (base 7) to base 6
1513
Convert 113d7 (base 14) to base 2.
1010001111010001
-5a (base 12) to base 3
-2121
Convert 125123 (base 6) to base 10.
11499
Convert 3810 (base 13) to base 12.
4730
-158 (base 11) to base 3
-20211
-202020102 (base 3) to base 10
-14753
-4402 (base 5) to base 15
-2a2
What is -5ab5 (base 13) in base 12?
-7507
Convert -131320 (base 5) to base 15.
-1825
420030 (base 6) to base 2
1000001110110010
bb (base 15) to base 10
176
2409 (base 10) to base 5
34114
Convert 2d8 (base 16) to base 13.
440
-9b8 (base 13) to base 15
-767
What is -13400 (base 5) in base 16?
-44c
-2073 (base 8) to base 12
-763
What is 12333213 (base 4) in base 13?
10068
What is -2113112 (base 5) in base 8?
-105117
332453 (base 6) to base 8
66261
3010 (base 5) to base 6
1432
Convert -31113 (base 5) to base 8.
-3761
Convert -131012 (base 4) to base 5.
-24422
Convert -13132 (base 7) to base 15.
-1087
-726 (base 10) to base 4
-23112
Convert -55 (base 12) to base 3.
-2102
Convert -2120 (base 6) to base 13.
-2ac
Convert -108 (base 13) to base 9.
-216
What is 3c3 (base 14) in base 11?
630
What is -432 (base 7) in base 4?
-3123
What is -616 (base 8) in base 6?
-1502
-115326 (base 8) to base 14
-10634
What is -8315 (base 12) in base 9?
-21518
-507 (base 12) to base 10
-727
What is 5816 (base 10) in base 8?
13270
-1248 (base 9) to base 11
-780
What is -3883 (base 10) in base 9?
-5284
5a04 (base 12) to base 6
114404
What is 33446 (base 12) in base 2?
10000100110110110
What is -130031 (base 4) in base 6?
-12205
What is -112131 (base 5) in base 10?
-4041
What is -958c (base 14) in base 13?
-b988
-1b4 (base 16) to base 14
-232
Convert -1251 (base 11) to base 8.
-3135
-10001 (base 2) to base 13
-14
Convert -1001100011 (base 2) to base 4.
-21203
7781 (base 11) to base 4
2200031
-431 (base 7